{"id":33,"date":"2017-06-21T13:12:01","date_gmt":"2017-06-21T11:12:01","guid":{"rendered":"http:\/\/psychologue-formateur.com\/sitepsychologue\/?page_id=33"},"modified":"2018-04-23T13:41:30","modified_gmt":"2018-04-23T11:41:30","slug":"accueil","status":"publish","type":"page","link":"http:\/\/psychologue-formateur.com\/index.php\/accueil\/","title":{"rendered":"Psychoth\u00e9rapies Alpes Maritimes"},"content":{"rendered":"<section class=\"fw-main-row  \">\r\n\t<span class=\"bg-image-overlay\" style=\"\"><\/span>\r\n\t<div class=\"fw-container unyson_content\">\r\n\t\t\t\t<div class=\"fw-row\">\n\t<div class=\"fw-col-xs-12 \">\r\n\t\r\n\r\n\t<div class=\"fw-divider-space space-25x\"><\/div>\r\n<\/div>\r\n<\/div>\n\n<div class=\"fw-row\">\n\t<div class=\"fw-col-xs-12 \">\r\n\t<img src=\"http:\/\/psychologue-formateur.com\/wp-content\/uploads\/2017\/06\/102-1-e1501685964797-500x174.png\" alt=\"http:\/\/psychologue-formateur.com\/wp-content\/uploads\/2017\/06\/102-1-e1501685964797-500x174.png\" width=\"500\" height=\"174\" \/><\/div>\r\n<\/div>\n\n<div class=\"fw-row\">\n\t<div class=\"fw-col-xs-12 \">\r\n\t\r\n\r\n\t<div class=\"fw-divider-space space-20x\"><\/div>\r\n<\/div>\r\n<\/div>\n\n<div class=\"fw-row\">\n\t<div class=\"fw-col-xs-12 \">\r\n\t<p>La r\u00e9gion de Provence Alpes C\u00f4te d'Azur nous propose un environnement plaisant et agr\u00e9able. C'est dans ce cadre que je mets \u00e0 votre disposition mes comp\u00e9tences de Psychologue et de Psychoth\u00e9rapeute.<\/p><p>Je me situe a la<strong> r\u00e9sidence Europole au 27 Avenue Jean M\u00e9decin,<\/strong>\u00a0<strong>Nice au 4\u00e8me \u00e9tage, Bat A<\/strong>. Ce cabinet se situe id\u00e9alement juste en face de Nice Etoile ainsi qu\u2019\u00e0 proximit\u00e9 de l\u2019arr\u00eat de Tram Jean M\u00e9decin. Il y a de nombreux parkings dans les environs.<\/p><p>Il est possible de prendre rendez-vous sur Cannes le lundi.<\/p><\/div>\r\n<\/div>\n\n<div class=\"fw-row\">\n\t<div class=\"fw-col-xs-12 \">\r\n\t\r\n\r\n\t<div class=\"fw-divider-space space-20x\"><\/div>\r\n<\/div>\r\n<\/div>\n\n<div class=\"fw-row\">\n\t<div class=\"fw-col-xs-12 \">\r\n\t<span style=\"display: block; text-align: center\"><a href=\"www.psychologue-formateur.com\/sitepsychologue\/contact\" target=\"_self\" class=\"fw-btn fw-btn-1 fw-btn-violet\">\r\n\t<span>Contact <\/span>\r\n<\/a>\r\n<\/span><\/div>\r\n<\/div>\n\n<div class=\"fw-row\">\n\t<div class=\"fw-col-xs-12 \">\r\n\t\r\n\r\n\t<div class=\"fw-divider-space space-20x\"><\/div>\r\n<\/div>\r\n<\/div>\n\n\t\t\t<\/div>\r\n<\/section>\r\n\n","protected":false},"excerpt":{"rendered":"<p>La r\u00e9gion de Provence Alpes C\u00f4te d&rsquo;Azur nous propose un environnement plaisant et agr\u00e9able. C&rsquo;est dans ce cadre que je mets \u00e0 votre disposition mes comp\u00e9tences de Psychologue et de Psychoth\u00e9rapeute.Je me situe a la r\u00e9sidence Europole au 27 Avenue Jean M\u00e9decin,\u00a0Nice au 4\u00e8me \u00e9tage, Bat A. Ce cabinet se situe id\u00e9alement juste en face&hellip;<\/p>\n","protected":false},"author":1,"featured_media":0,"parent":0,"menu_order":0,"comment_status":"closed","ping_status":"closed","template":"","meta":[],"brizy_attachment_focal_point":"","_links":{"self":[{"href":"http:\/\/psychologue-formateur.com\/index.php\/wp-json\/wp\/v2\/pages\/33"}],"collection":[{"href":"http:\/\/psychologue-formateur.com\/index.php\/wp-json\/wp\/v2\/pages"}],"about":[{"href":"http:\/\/psychologue-formateur.com\/index.php\/wp-json\/wp\/v2\/types\/page"}],"author":[{"embeddable":true,"href":"http:\/\/psychologue-formateur.com\/index.php\/wp-json\/wp\/v2\/users\/1"}],"replies":[{"embeddable":true,"href":"http:\/\/psychologue-formateur.com\/index.php\/wp-json\/wp\/v2\/comments?post=33"}],"version-history":[{"count":7,"href":"http:\/\/psychologue-formateur.com\/index.php\/wp-json\/wp\/v2\/pages\/33\/revisions"}],"predecessor-version":[{"id":923,"href":"http:\/\/psychologue-formateur.com\/index.php\/wp-json\/wp\/v2\/pages\/33\/revisions\/923"}],"wp:attachment":[{"href":"http:\/\/psychologue-formateur.com\/index.php\/wp-json\/wp\/v2\/media?parent=33"}],"curies":[{"name":"wp","href":"https:\/\/api.w.org\/{rel}","templated":true}]}}

Psychothérapies Alpes Maritimes

<section class="fw-main-row  ">
	<span class="bg-image-overlay" style=""></span>
	<div class="fw-container unyson_content">
				<div class="fw-row">
	<div class="fw-col-xs-12 ">
	

	<div class="fw-divider-space space-25x"></div>
</div>
</div>

<div class="fw-row">
	<div class="fw-col-xs-12 ">
	<img src="http://psychologue-formateur.com/wp-content/uploads/2017/06/102-1-e1501685964797-500x174.png" alt="http://psychologue-formateur.com/wp-content/uploads/2017/06/102-1-e1501685964797-500x174.png" width="500" height="174" /></div>
</div>

<div class="fw-row">
	<div class="fw-col-xs-12 ">
	

	<div class="fw-divider-space space-20x"></div>
</div>
</div>

<div class="fw-row">
	<div class="fw-col-xs-12 ">
	<p>La région de Provence Alpes Côte d'Azur nous propose un environnement plaisant et agréable. C'est dans ce cadre que je mets à votre disposition mes compétences de Psychologue et de Psychothérapeute.</p><p>Je me situe a la<strong> résidence Europole au 27 Avenue Jean Médecin,</strong> <strong>Nice au 4ème étage, Bat A</strong>. Ce cabinet se situe idéalement juste en face de Nice Etoile ainsi qu’à proximité de l’arrêt de Tram Jean Médecin. Il y a de nombreux parkings dans les environs.</p><p>Il est possible de prendre rendez-vous sur Cannes le lundi.</p></div>
</div>

<div class="fw-row">
	<div class="fw-col-xs-12 ">
	

	<div class="fw-divider-space space-20x"></div>
</div>
</div>

<div class="fw-row">
	<div class="fw-col-xs-12 ">
	<span style="display: block; text-align: center"><a href="www.psychologue-formateur.com/sitepsychologue/contact" target="_self" class="fw-btn fw-btn-1 fw-btn-violet">
	<span>Contact </span>
</a>
</span></div>
</div>

<div class="fw-row">
	<div class="fw-col-xs-12 ">
	

	<div class="fw-divider-space space-20x"></div>
</div>
</div>

			</div>
</section>

<p>La région de Provence Alpes Côte d&rsquo;Azur nous propose un environnement plaisant et agréable. C&rsquo;est dans ce cadre que je mets à votre disposition mes compétences de Psychologue et de Psychothérapeute.Je me situe a la résidence Europole au 27 Avenue Jean Médecin, Nice au 4ème étage, Bat A. Ce cabinet se situe idéalement juste en face&hellip;</p>
