{"id":45,"date":"2017-06-21T13:43:54","date_gmt":"2017-06-21T11:43:54","guid":{"rendered":"http:\/\/psychologue-formateur.com\/sitepsychologue\/?page_id=45"},"modified":"2018-04-23T13:24:42","modified_gmt":"2018-04-23T11:24:42","slug":"competences","status":"publish","type":"page","link":"https:\/\/psychologue-formateur.com\/index.php\/competences\/","title":{"rendered":"Comp\u00e9tences"},"content":{"rendered":"<section class=\"fw-main-row  \">\r\n\t<span class=\"bg-image-overlay\" style=\"\"><\/span>\r\n\t<div class=\"fw-container unyson_content\">\r\n\t\t\t\t<div class=\"fw-row\">\n\t<div class=\"fw-col-xs-12 \">\r\n\t<img src=\"https:\/\/psychologue-formateur.com\/wp-content\/uploads\/2017\/06\/102-1-e1501685964797-500x174.png\" alt=\"https:\/\/psychologue-formateur.com\/wp-content\/uploads\/2017\/06\/102-1-e1501685964797-500x174.png\" width=\"500\" height=\"174\" \/><\/div>\r\n<\/div>\n\n<div class=\"fw-row\">\n\t<div class=\"fw-col-xs-12 \">\r\n\t\r\n\r\n\t<div class=\"fw-divider-space space-20x\"><\/div>\r\n<\/div>\r\n<\/div>\n\n<div class=\"fw-row\">\n\t<div class=\"fw-col-xs-12 \">\r\n\t<div class=\"fw-heading fw-heading-h4 fw-heading-center  \">\r\n\t\t<h4 style='font-weight:;color: #000000' class='fw-special-title'>Psychologue <\/h4>\t<\/div><\/div>\r\n<\/div>\n\n<div class=\"fw-row\">\n\t<div class=\"fw-col-xs-12 \">\r\n\t\r\n\r\n\t<div class=\"fw-divider-space space-20x\"><\/div>\r\n<\/div>\r\n<\/div>\n\n<div class=\"fw-row\">\n\t<div class=\"fw-col-xs-12 \">\r\n\t<p>En respect avec mon \u00e9thique professionnelle, j'ai \u00e9t\u00e9 form\u00e9 longuement aux diff\u00e9rentes approches que j'utilise. Je reste par ailleurs inform\u00e9\u00a0sur les<strong>\u00a0derni\u00e8res avanc\u00e9es scientifiques<\/strong>\u00a0concernant les psychoth\u00e9rapies.<\/p><p>Afin d'assurer une qualit\u00e9 exemplaire \u00e0 tout travail je suis issu d'une formation de<strong>\u00a0Psychologue clinicien, de g\u00e9ronto-psychologue\u00a0et d'une formation en psychoth\u00e9rapies.<\/strong><\/p><hr \/><\/div>\r\n<\/div>\n\n<div class=\"fw-row\">\n\t<div class=\"fw-col-xs-12 \">\r\n\t\r\n\r\n\t<div class=\"fw-divider-space space-20x\"><\/div>\r\n<\/div>\r\n<\/div>\n\n<div class=\"fw-row\">\n\t<div class=\"fw-col-xs-12 \">\r\n\t<div class=\"fw-heading fw-heading-h4 fw-heading-center  fw-heading-icon\">\r\n\t\t<h4 style='font-weight:;color: #000000' class='fw-special-title'>Psychoth\u00e9rapeute<\/h4>\t<\/div><\/div>\r\n<\/div>\n\n<div class=\"fw-row\">\n\t<div class=\"fw-col-xs-12 \">\r\n\t\r\n\r\n\t<div class=\"fw-divider-space space-20x\"><\/div>\r\n<\/div>\r\n<\/div>\n\n<div class=\"fw-row\">\n\t<div class=\"fw-col-xs-12 fw-col-sm-6 \">\r\n\t<img src=\"https:\/\/psychologue-formateur.com\/wp-content\/uploads\/2017\/06\/mental-health-2313430_1920-1-500x500.jpg\" alt=\"https:\/\/psychologue-formateur.com\/wp-content\/uploads\/2017\/06\/mental-health-2313430_1920-1-500x500.jpg\" width=\"500\" height=\"500\" \/><\/div>\r\n<div class=\"fw-col-xs-12 fw-col-sm-6 \">\r\n\t\r\n\r\n\t<div class=\"fw-divider-space space-20x\"><\/div>\r\n<h5><strong>Quels sont les pratiques psycho-th\u00e9rapeutiques pouvant \u00eatre propos\u00e9es ?<\/strong><\/h5><p>\u03a8 EMDR<\/p><p>\u03a8 Hypnose<\/p><p>\u03a8 Approche de la Mindulness<\/p><p>\u21d4 Th\u00e9rapie Comportementale et Cognitive (exemples : analyse fonctionnelle, coh\u00e9rence cardiaque, \u2026).<\/p>\r\n\r\n\t<div class=\"fw-divider-space space-20x\"><\/div>\r\n<\/div>\r\n<\/div>\n\n<div class=\"fw-row\">\n\t<div class=\"fw-col-xs-12 \">\r\n\t\r\n\r\n\t<div class=\"fw-divider-space space-20x\"><\/div>\r\n<\/div>\r\n<\/div>\n\n<div class=\"fw-row\">\n\t<div class=\"fw-col-xs-12 fw-col-sm-4 \">\r\n\t<span style=\"display: block; text-align: center\"><a href=\"http:\/\/psychologue-formateur.com\/index.php\/emdr\/\" target=\"_self\" class=\"fw-btn fw-btn-1 fw-btn-violet\">\r\n\t<span>EMDR<\/span>\r\n<\/a>\r\n<\/span><\/div>\r\n<div class=\"fw-col-xs-12 fw-col-sm-4 \">\r\n\t<span style=\"display: block; text-align: center\"><a href=\"http:\/\/psychologue-formateur.com\/index.php\/hypnose\/\" target=\"_self\" class=\"fw-btn fw-btn-1 fw-btn-violet\">\r\n\t<span>Hypnose<\/span>\r\n<\/a>\r\n<\/span><\/div>\r\n<div class=\"fw-col-xs-12 fw-col-sm-4 \">\r\n\t<span style=\"display: block; text-align: center\"><a href=\"http:\/\/psychologue-formateur.com\/index.php\/mindfulness\/\" target=\"_self\" class=\"fw-btn fw-btn-1 fw-btn-violet\">\r\n\t<span>Mindfulness<\/span>\r\n<\/a>\r\n<\/span><\/div>\r\n<\/div>\n\n<div class=\"fw-row\">\n\t<div class=\"fw-col-xs-12 \">\r\n\t\r\n\r\n\t<div class=\"fw-divider-space space-40x\"><\/div>\r\n<\/div>\r\n<\/div>\n\n<div class=\"fw-row\">\n\t<div class=\"fw-col-xs-12 \">\r\n\t<hr \/><div class=\"fw-heading fw-heading-h4 fw-heading-center  fw-heading-icon\">\r\n\t\t<h4 style='font-weight:;color: #000000' class='fw-special-title'>Formateur <\/h4>\t<\/div>\r\n\r\n\t<div class=\"fw-divider-space space-40x\"><\/div>\r\n<h5>J\u2019interviens \u00e9galement comme formateur dans diverses institutions.<\/h5><ul><li>Etablissements d\u2019H\u00e9bergements pour Personnes \u00c2g\u00e9es D\u00e9pendantes.<\/li><li>Centre Hospitalier Pasteur 2, \u00e9tudiants en m\u00e9decine ; dans le but d\u2019apporter une expertise sur <strong>les comp\u00e9tences non techniques <\/strong>(la communication non verbale, le relationnel et l\u2019empathie), de fournir un certain nombre d\u2019\u00e9l\u00e9ments sur<strong> la compr\u00e9hension des pathologies<\/strong> (psycho-\u00e9ducation) et d\u2019am\u00e9liorer<strong> les dispositifs d\u2019apprentissage. \u00a0<\/strong><\/li><\/ul><\/div>\r\n<\/div>\n\n<div class=\"fw-row\">\n\t<div class=\"fw-col-xs-12 \">\r\n\t\r\n\r\n\t<div class=\"fw-divider-space space-40x\"><\/div>\r\n<\/div>\r\n<\/div>\n\n<div class=\"fw-row\">\n\t<div class=\"fw-col-xs-12 fw-col-sm-4 \">\r\n\t<\/div>\r\n<div class=\"fw-col-xs-12 fw-col-sm-4 \">\r\n\t<img src=\"https:\/\/psychologue-formateur.com\/wp-content\/uploads\/2017\/06\/101-1-e1501255723240-700x350.png\" alt=\"https:\/\/psychologue-formateur.com\/wp-content\/uploads\/2017\/06\/101-1-e1501255723240-700x350.png\" width=\"700\" height=\"350\" \/><\/div>\r\n<div class=\"fw-col-xs-12 fw-col-sm-4 \">\r\n\t<\/div>\r\n<\/div>\n\n<div class=\"fw-row\">\n\t<div class=\"fw-col-xs-12 \">\r\n\t\r\n\r\n\t<div class=\"fw-divider-space space-40x\"><\/div>\r\n<\/div>\r\n<\/div>\n\n\t\t\t<\/div>\r\n<\/section>\r\n\n","protected":false},"excerpt":{"rendered":"<p>Psychologue En respect avec mon \u00e9thique professionnelle, j&rsquo;ai \u00e9t\u00e9 form\u00e9 longuement aux diff\u00e9rentes approches que j&rsquo;utilise. Je reste par ailleurs inform\u00e9\u00a0sur les\u00a0derni\u00e8res avanc\u00e9es scientifiques\u00a0concernant les psychoth\u00e9rapies.Afin d&rsquo;assurer une qualit\u00e9 exemplaire \u00e0 tout travail je suis issu d&rsquo;une formation de\u00a0Psychologue clinicien, de g\u00e9ronto-psychologue\u00a0et d&rsquo;une formation en psychoth\u00e9rapies.&nbsp; Psychoth\u00e9rapeute Quels sont les pratiques psycho-th\u00e9rapeutiques pouvant \u00eatre propos\u00e9es&hellip;<\/p>\n","protected":false},"author":1,"featured_media":0,"parent":0,"menu_order":0,"comment_status":"closed","ping_status":"closed","template":"","meta":[],"brizy_attachment_focal_point":"","_links":{"self":[{"href":"https:\/\/psychologue-formateur.com\/index.php\/wp-json\/wp\/v2\/pages\/45"}],"collection":[{"href":"https:\/\/psychologue-formateur.com\/index.php\/wp-json\/wp\/v2\/pages"}],"about":[{"href":"https:\/\/psychologue-formateur.com\/index.php\/wp-json\/wp\/v2\/types\/page"}],"author":[{"embeddable":true,"href":"https:\/\/psychologue-formateur.com\/index.php\/wp-json\/wp\/v2\/users\/1"}],"replies":[{"embeddable":true,"href":"https:\/\/psychologue-formateur.com\/index.php\/wp-json\/wp\/v2\/comments?post=45"}],"version-history":[{"count":51,"href":"https:\/\/psychologue-formateur.com\/index.php\/wp-json\/wp\/v2\/pages\/45\/revisions"}],"predecessor-version":[{"id":277,"href":"https:\/\/psychologue-formateur.com\/index.php\/wp-json\/wp\/v2\/pages\/45\/revisions\/277"}],"wp:attachment":[{"href":"https:\/\/psychologue-formateur.com\/index.php\/wp-json\/wp\/v2\/media?parent=45"}],"curies":[{"name":"wp","href":"https:\/\/api.w.org\/{rel}","templated":true}]}}