{"id":87,"date":"2017-06-21T18:36:38","date_gmt":"2017-06-21T16:36:38","guid":{"rendered":"http:\/\/psychologue-formateur.com\/sitepsychologue\/?page_id=87"},"modified":"2020-03-17T21:39:34","modified_gmt":"2020-03-17T20:39:34","slug":"accueil-1","status":"publish","type":"page","link":"https:\/\/psychologue-formateur.com\/","title":{"rendered":"EMDR"},"content":{"rendered":"<p><section class=\"fw-main-row  \">\r\n\t<span class=\"bg-image-overlay\" style=\"\"><\/span>\r\n\t<div class=\"fw-container unyson_content\">\r\n\t\t\t\t<div class=\"fw-row\">\n\t<div class=\"fw-col-xs-12 \">\r\n\t\r\n\r\n\t<div class=\"fw-divider-space space-52x\"><\/div>\r\n<\/div>\r\n<\/div>\n\n<div class=\"fw-row\">\n\t<div class=\"fw-col-xs-12 \">\r\n\t<div class=\"fw-heading fw-heading-h1   \">\r\n\t\t<h1 style='font-weight:;color: #a42222' class='fw-special-title'>COVID-19 T\u00e9l\u00e9consultation avec mise en place de soin Psychologique en EMDR<\/h1>\t<\/div><\/div>\r\n<\/div>\n\n<div class=\"fw-row\">\n\t<div class=\"fw-col-xs-12 \">\r\n\t\r\n\r\n\t<div class=\"fw-divider-space space-52x\"><\/div>\r\n<\/div>\r\n<\/div>\n\n<div class=\"fw-row\">\n\t<div class=\"fw-col-xs-12 \">\r\n\t<div class=\"fw-heading fw-heading-h1 fw-heading-center fw-heading-w-subtitle \">\r\n\t\t<h1 style='font-weight:;color:' class='fw-special-title'>Bienvenue<\/h1>\t\t\t<div class=\"fw-special-subtitle\">Je vous souhaite une bonne visite <\/div>\r\n\t<\/div><\/div>\r\n<\/div>\n\n<div class=\"fw-row\">\n\t<div class=\"fw-col-xs-12 \">\r\n\t\r\n\r\n\t<div class=\"fw-divider-space space-20x\"><\/div>\r\n<\/div>\r\n<\/div>\n\n<div class=\"fw-row\">\n\t<div class=\"fw-col-xs-12 fw-col-sm-4 calendrier\">\r\n\t<div class=\"fw-iconbox clearfix --link fw-iconbox-1 --type4\">\r\n\t\t<div class=\"fw-iconbox-image\">\r\n\t\t<i class=\"flaticon-wristwatch\"><\/i>\r\n\t<\/div>\r\n\t<div class=\"fw-iconbox-aside\">\r\n\t\t<div class=\"fw-iconbox-title\">\r\n\t\t\t<h3>Horaires d&#039;ouverture<\/h3>\r\n\t\t<\/div>\r\n\t\t<div class=\"fw-iconbox-text\">\r\n\t\t\t<p>Lundi - Samedi 8h-20h\n<\/p>\r\n\t\t<\/div>\r\n\t\t<a class=\"fw-iconbox-link\" href=\"http:\/\/psychologue-formateur.com\/index.php\/contact\/\"><i class=\"fa fa-angle-down\"><\/i><\/a>\t<\/div>\r\n<\/div><\/div>\r\n<div class=\"fw-col-xs-12 fw-col-sm-4 calendrier\">\r\n\t<div class=\"fw-iconbox clearfix --link fw-iconbox-1 --type4\">\r\n\t\t<div class=\"fw-iconbox-image\">\r\n\t\t<i class=\"flaticon-wristwatch\"><\/i>\r\n\t<\/div>\r\n\t<div class=\"fw-iconbox-aside\">\r\n\t\t<div class=\"fw-iconbox-title\">\r\n\t\t\t<h3>Horaires d&#039;ouverture<\/h3>\r\n\t\t<\/div>\r\n\t\t<div class=\"fw-iconbox-text\">\r\n\t\t\t<p>Lundi - Samedi 8h-20h\n<\/p>\r\n\t\t<\/div>\r\n\t\t<a class=\"fw-iconbox-link\" href=\"http:\/\/psychologue-formateur.com\/index.php\/contact\/\"><i class=\"fa fa-angle-down\"><\/i><\/a>\t<\/div>\r\n<\/div><\/div>\r\n<div class=\"fw-col-xs-12 fw-col-sm-4 emplacement\">\r\n\t<div class=\"fw-iconbox clearfix --link fw-iconbox-1 --type4\">\r\n\t\t<div class=\"fw-iconbox-image\">\r\n\t\t<i class=\"flaticon-smartphone-outline\"><\/i>\r\n\t<\/div>\r\n\t<div class=\"fw-iconbox-aside\">\r\n\t\t<div class=\"fw-iconbox-title\">\r\n\t\t\t<h3>Appelez d\u00e8s aujourd&#039;hui 06 76 33 42 97<\/h3>\r\n\t\t<\/div>\r\n\t\t<div class=\"fw-iconbox-text\">\r\n\t\t\t<p>22 rue Mar\u00e9chal Joffre, Nice. \n\nClinique Oxford, \n33 Boulevard d&#039;Oxford, Cannes.<\/p>\r\n\t\t<\/div>\r\n\t\t<a class=\"fw-iconbox-link\" href=\"http:\/\/psychologue-formateur.com\/index.php\/contact\/\"><i class=\"fa fa-angle-down\"><\/i><\/a>\t<\/div>\r\n<\/div><\/div>\r\n<\/div>\n\n<div class=\"fw-row\">\n\t<div class=\"fw-col-xs-12 \">\r\n\t\r\n\r\n\t<div class=\"fw-divider-space space-25x\"><\/div>\r\n<\/div>\r\n<\/div>\n\n<div class=\"fw-row\">\n\t<div class=\"fw-col-xs-12 fw-col-sm-4 horraire\">\r\n\t<\/div>\r\n<div class=\"fw-col-xs-12 fw-col-sm-4 horraire\">\r\n\t<img src=\"https:\/\/psychologue-formateur.com\/wp-content\/uploads\/2018\/10\/MG_5279-e1538565108486-600x1000.jpg\" alt=\"https:\/\/psychologue-formateur.com\/wp-content\/uploads\/2018\/10\/MG_5279-e1538565108486-600x1000.jpg\" width=\"600\" height=\"1000\" \/><\/div>\r\n<div class=\"fw-col-xs-12 fw-col-sm-4 horraire\">\r\n\t<\/div>\r\n<\/div>\n\n<div class=\"fw-row\">\n\t<div class=\"fw-col-xs-12 \">\r\n\t\r\n\r\n\t<div class=\"fw-divider-space space-25x\"><\/div>\r\n<\/div>\r\n<\/div>\n\n<div class=\"fw-row\">\n\t<div class=\"fw-col-xs-12 \">\r\n\t<h5><span style=\"color: #000000;\"><strong>La pratique des psychoth\u00e9rapies br\u00e8ves s\u2019inscrit dans une prise en charge scientifique. Ma pratique s\u2019oriente vers les Th\u00e9rapies Comportementales\u00a0et Cognitives (TCC), Eye-Movement Desensitization and Reprocessing\u00a0(l\u2019EMDR) et\u00a0l\u2019Hypnose.<\/strong><\/span><\/h5><h4><strong><span style=\"color: #000000;\">Selon les<\/span><span style=\"color: #000000;\"> maux une solution, laquelle vous correspond ?\u00a0<\/span><\/strong><\/h4><h6><span style=\"color: #000000;\">Je vous propose mon aide afin de r\u00e9-harmoniser corps et esprit sur\u00a0des probl\u00e9matiques psycho-somatiques, thymiques, phobiques et addictologiques.<\/span><\/h6><\/div>\r\n<\/div>\n\n<div class=\"fw-row\">\n\t<div class=\"fw-col-xs-12 \">\r\n\t\r\n\r\n\t<div class=\"fw-divider-space space-20x\"><\/div>\r\n<\/div>\r\n<\/div>\n\n<div class=\"fw-row\">\n\t<div class=\"fw-col-xs-12 fw-col-sm-4 \">\r\n\t<\/div>\r\n<div class=\"fw-col-xs-12 fw-col-sm-4 \">\r\n\t<img src=\"https:\/\/psychologue-formateur.com\/wp-content\/uploads\/2017\/06\/question-2004314_1920-300x200.jpg\" alt=\"https:\/\/psychologue-formateur.com\/wp-content\/uploads\/2017\/06\/question-2004314_1920-300x200.jpg\" width=\"300\" height=\"200\" \/><\/div>\r\n<div class=\"fw-col-xs-12 fw-col-sm-4 \">\r\n\t<\/div>\r\n<\/div>\n\n<div class=\"fw-row\">\n\t<div class=\"fw-col-xs-12 \">\r\n\t\r\n\r\n\t<div class=\"fw-divider-space space-20x\"><\/div>\r\n<\/div>\r\n<\/div>\n\n<div class=\"fw-row\">\n\t<div class=\"fw-col-xs-12 \">\r\n\t<span style=\"display: block; text-align: center\"><a href=\"http:\/\/psychologue-formateur.com\/index.php\/services\/\" target=\"_self\" class=\"fw-btn fw-btn-1 fw-btn-violet\">\r\n\t<span>Les th\u00e9rapies <\/span>\r\n<\/a>\r\n<\/span><\/div>\r\n<\/div>\n\n<div class=\"fw-row\">\n\t<div class=\"fw-col-xs-12 \">\r\n\t\r\n\r\n\t<div class=\"fw-divider-space space-20x\"><\/div>\r\n<\/div>\r\n<\/div>\n\n<div class=\"fw-row\">\n\t<div class=\"fw-col-xs-12 \">\r\n\t\r\n\r\n\t<div class=\"fw-divider-space space-20x\"><\/div>\r\n<\/div>\r\n<\/div>\n\n<div class=\"fw-row\">\n\t<div class=\"fw-col-xs-12 \">\r\n\t<div class=\"fw-heading fw-heading-h3 fw-heading-center fw-heading-w-subtitle \">\r\n\t\t<h3 style='font-weight:;color: #000000' class='fw-special-title'>Toutes les techniques employ\u00e9es sont valid\u00e9es par les neurosciences<\/h3>\t\t\t<div class=\"fw-special-subtitle\">Je vous invite \u00e0 parcourir mon site afin de d\u00e9couvrir ma pratique, si vous avez des questions le formulaire de contact est \u00e0 votre disposition.<\/div>\r\n\t<\/div><\/div>\r\n<\/div>\n\n<div class=\"fw-row\">\n\t<div class=\"fw-col-xs-12 \">\r\n\t\r\n\r\n\t<div class=\"fw-divider-space space-20x\"><\/div>\r\n<\/div>\r\n<\/div>\n\n<div class=\"fw-row\">\n\t<div class=\"fw-col-xs-12 fw-col-sm-6 \">\r\n\t<img src=\"https:\/\/psychologue-formateur.com\/wp-content\/uploads\/2017\/06\/hands-598145_1920-500x500.jpg\" alt=\"https:\/\/psychologue-formateur.com\/wp-content\/uploads\/2017\/06\/hands-598145_1920-500x500.jpg\" width=\"500\" height=\"500\" \/><\/div>\r\n<div class=\"fw-col-xs-12 fw-col-sm-6 \">\r\n<h5><\/h5><h5><\/h5><h5>Nous sommes des \u00eatres sociaux qui avons besoin de contact. Parfois, pendant une p\u00e9riode de la vie il est possible de se sentir isol\u00e9 ou incompris. Venir suivre une th\u00e9rapie pour r\u00e9introduire une vie sociale ou familiale est le d\u00e9but d'un acte de gu\u00e9rison. C'est pourquoi je vous propose mon aide.<\/h5><h5><strong>Ma pratique psychologique s'articule notamment avec <\/strong><strong>Bienveillance et\u00a0<\/strong><strong>Empathie.<\/strong><\/h5><h5>Je vous invite \u00e0 parcourir mon site pour le d\u00e9couvrir.<\/h5><a href=\"http:\/\/psychologue-formateur.com\/index.php\/services\/\" target=\"_self\" class=\"fw-btn fw-btn-1 fw-btn-green\">\r\n\t<span>Plus d'informations<\/span>\r\n<\/a>\r\n<\/div>\r\n<\/div>\n\n<div class=\"fw-row\">\n\t<div class=\"fw-col-xs-12 \">\r\n\t\r\n\r\n\t<div class=\"fw-divider-space space-20x\"><\/div>\r\n<\/div>\r\n<\/div>\n\n<div class=\"fw-row\">\n\t<div class=\"fw-col-xs-12 \">\r\n\t\r\n\r\n\t<div class=\"fw-divider-space space-20x\"><\/div>\r\n<\/div>\r\n<\/div>\n\n<div class=\"fw-row\">\n\t<div class=\"fw-col-xs-12 \">\r\n\t\r\n\r\n\t<div class=\"fw-divider-space space-20x\"><\/div>\r\n<\/div>\r\n<\/div>\n\n\t\t\t<\/div>\r\n<\/section>\r\n<section class=\"fw-main-row   a\" style=\"background-color:#ffffff;background-position: top center;background-repeat: repeat;background-attachment:scroll;background-size:initial;\">\r\n\t<span class=\"bg-image-overlay\" style=\"background-color:#000000;\"><\/span>\r\n\t<div class=\"fw-container unyson_content\">\r\n\t\t\t\t<div class=\"fw-row\">\n\t<div class=\"fw-col-xs-12 \">\r\n\t<div class=\"fw-heading fw-heading-h4 fw-heading-center  fw-heading-icon\">\r\n\t\t<h4 style='font-weight:;color: #ffffff' class='fw-special-title'>Quelle est votre probl\u00e9matique ?<\/h4>\t<\/div><\/div>\r\n<\/div>\n\n<div class=\"fw-row\">\n\t<div class=\"fw-col-xs-12 \">\r\n\t\r\n\r\n\t<div class=\"fw-divider-space space-20x\"><\/div>\r\n<\/div>\r\n<\/div>\n\n<div class=\"fw-row\">\n\t<div class=\"fw-col-xs-12 fw-col-sm-4 a\">\r\n\t<div class=\"fw-iconbox clearfix --no-link fw-iconbox-1 --type3\">\r\n\t\t<div class=\"fw-iconbox-image\">\r\n\t\t<i class=\"flaticon-graduation-cap\"><\/i>\r\n\t<\/div>\r\n\t<div class=\"fw-iconbox-aside\">\r\n\t\t<div class=\"fw-iconbox-title\">\r\n\t\t\t<h3>La d\u00e9pression <\/h3>\r\n\t\t<\/div>\r\n\t\t<div class=\"fw-iconbox-text\">\r\n\t\t\t<p>L&#039;organisation mondiale de la sant\u00e9 estime que les troubles d\u00e9pressifs repr\u00e9sentent le 1er facteur de morbidit\u00e9 et d\u2019incapacit\u00e9 sur le plan mondial. En 2010, 7,5 % des 15-85 ans auraient v\u00e9cu un \u00e9pisode d\u00e9pressif.<\/p>\r\n\t\t<\/div>\r\n\t\t\t<\/div>\r\n<\/div><\/div>\r\n<div class=\"fw-col-xs-12 fw-col-sm-4 \">\r\n\t<div class=\"fw-iconbox clearfix --no-link fw-iconbox-1 --type3\">\r\n\t\t<div class=\"fw-iconbox-image\">\r\n\t\t<i class=\"flaticon-graduation-cap\"><\/i>\r\n\t<\/div>\r\n\t<div class=\"fw-iconbox-aside\">\r\n\t\t<div class=\"fw-iconbox-title\">\r\n\t\t\t<h3>Les addictions <\/h3>\r\n\t\t<\/div>\r\n\t\t<div class=\"fw-iconbox-text\">\r\n\t\t\t<p>Le ph\u00e9nom\u00e8ne addictif est une pathologie complexe difficile de conscientiser. Les addictions les plus fr\u00e9quentes sont celles li\u00e9es \u00e0 l&#039;alcool, le tabac et les diverses drogues illicites. Par exemple, concernant l&#039;alcoolisme ont compte 800 000 hospitalisation par an en France.  <\/p>\r\n\t\t<\/div>\r\n\t\t\t<\/div>\r\n<\/div><\/div>\r\n<div class=\"fw-col-xs-12 fw-col-sm-4 \">\r\n\t<div class=\"fw-iconbox clearfix --no-link fw-iconbox-1 --type3\">\r\n\t\t<div class=\"fw-iconbox-image\">\r\n\t\t<i class=\"flaticon-graduation-cap\"><\/i>\r\n\t<\/div>\r\n\t<div class=\"fw-iconbox-aside\">\r\n\t\t<div class=\"fw-iconbox-title\">\r\n\t\t\t<h3>Les troubles phobiques<\/h3>\r\n\t\t<\/div>\r\n\t\t<div class=\"fw-iconbox-text\">\r\n\t\t\t<p>Agoraphobie, phobie sociale, Arachnophobie, Aviophobie, et bien d&#039;autres... une solution existe ! Emparez vous d&#039;elle. \nDe m\u00eame les troubles obsessionnels compulsifs qui viennent ruiner le quotidien peuvent \u00eatre soign\u00e9s efficacement. <\/p>\r\n\t\t<\/div>\r\n\t\t\t<\/div>\r\n<\/div><\/div>\r\n<\/div>\n\n<div class=\"fw-row\">\n\t<div class=\"fw-col-xs-12 \">\r\n\t\r\n\r\n\t<div class=\"fw-divider-space space-20x\"><\/div>\r\n<\/div>\r\n<\/div>\n\n\t\t\t<\/div>\r\n<\/section>\r\n<section class=\"fw-main-row  \">\r\n\t<span class=\"bg-image-overlay\" style=\"\"><\/span>\r\n\t<div class=\"fw-container unyson_content\">\r\n\t\t\t\t<div class=\"fw-row\">\n\t<div class=\"fw-col-xs-12 \">\r\n\t\r\n\r\n\t<div class=\"fw-divider-space space-20x\"><\/div>\r\n<\/div>\r\n<\/div>\n\n<div class=\"fw-row\">\n\t<div class=\"fw-col-xs-12 \">\r\n\t\r\n\r\n\t<div class=\"fw-divider-space space-20x\"><\/div>\r\n<\/div>\r\n<\/div>\n\n<div class=\"fw-row\">\n\t<div class=\"fw-col-xs-12 fw-col-sm-6 \">\r\n\t<img src=\"https:\/\/psychologue-formateur.com\/wp-content\/uploads\/2017\/06\/paper-boat-2270314_1920-1-500x400.jpg\" alt=\"https:\/\/psychologue-formateur.com\/wp-content\/uploads\/2017\/06\/paper-boat-2270314_1920-1-500x400.jpg\" width=\"500\" height=\"400\" \/><\/div>\r\n<div class=\"fw-col-xs-12 fw-col-sm-6 \">\r\n\t<h4>Ma mission<\/h4><p>Vous accompagner tout le long de la th\u00e9rapie...<\/p><blockquote><p>\u00a0Je suis comme un bateau qui vous soutient dans votre voyage, et vous, le capitaine qui d\u00e9cide quelle direction prendre sur cet oc\u00e9an. Nous allons affronter ensemble cet oc\u00e9an. Et vous \u00eates ma\u00eetre \u00e0 bord.<\/p><\/blockquote><span style=\"display: block; text-align: center\"><a href=\"http:\/\/psychologue-formateur.com\/index.php\/services\/\" target=\"_self\" class=\"fw-btn fw-btn-1 fw-btn-green\">\r\n\t<span>Plus d'informations<\/span>\r\n<\/a>\r\n<\/span><\/div>\r\n<\/div>\n\n<div class=\"fw-row\">\n\t<div class=\"fw-col-xs-12 \">\r\n\t\r\n\r\n\t<div class=\"fw-divider-space space-20x\"><\/div>\r\n<\/div>\r\n<\/div>\n\n<div class=\"fw-row\">\n\t<div class=\"fw-col-xs-12 \">\r\n\t\r\n\r\n\t<div class=\"fw-divider-space space-20x\"><\/div>\r\n<\/div>\r\n<\/div>\n\n<div class=\"fw-row\">\n\t<div class=\"fw-col-xs-12 \">\r\n\t\r\n\r\n\t<div class=\"fw-divider-space space-20x\"><\/div>\r\n<\/div>\r\n<\/div>\n\n<div class=\"fw-row\">\n\t<div class=\"fw-col-xs-12 \">\r\n\t<div class=\"form-wrapper contact-form cf-type2\">\r\n\t<form data-fw-form-id=\"fw_form\" method=\"post\" action=\"https:\/\/psychologue-formateur.com\/index.php\/wp-json\/wp\/v2\/pages\/87\" class=\"fw_form_fw_form\" data-fw-ext-forms-type=\"contact-forms\"><input type=\"hidden\" name=\"fwf\" value=\"fw_form\" \/><input type=\"hidden\" id=\"_nonce_d53ab95dcecba1072f31a9b20f863ab8\" name=\"_nonce_d53ab95dcecba1072f31a9b20f863ab8\" value=\"c14b54d875\" \/><input type=\"hidden\" name=\"_wp_http_referer\" value=\"\/index.php\/wp-json\/wp\/v2\/pages\/87\" \/><input type=\"hidden\" name=\"fw_ext_forms_form_type\" value=\"contact-forms\" \/><input type=\"hidden\" name=\"fw_ext_forms_form_id\" value=\"00936e33f4c7b680edf0cfd0852a59f4\" \/><div class=\"wrap-forms\">\n\t<div class=\"fw-row\"><div class=\"fw-col-xs-12 form-builder-item form-builder-item\">\n\t<div class=\"header title\">\n\t\t<h2>Formulaire de contact <\/h2>\n\t\t\t<\/div>\n<\/div><\/div><div class=\"fw-row\"><div class=\"fw-col-xs-12 fw-col-sm-6 form-builder-item\">\r\n\t<div class=\"field-text\">\r\n\t\t<label for=\"id-1\">Email\t\t\t<sup>*<\/sup>\t\t<\/label>\r\n\t\t<input type=\"text\" name=\"email_d383dfa\" placeholder=\"\" value=\"\" id=\"id-1\" required=\"required\"\/>\r\n\t\t\t\t\t<p><em>Votre email est indispensable afin de vous r\u00e9pondre.<\/em><\/p>\r\n\t\t\t<\/div>\r\n<\/div><div class=\"fw-col-xs-12 fw-col-sm-6 form-builder-item\">\r\n\t<div class=\"field-text\">\r\n\t\t<label for=\"id-2\">Votre nom\t\t\t<sup>*<\/sup>\t\t<\/label>\r\n\t\t<input type=\"text\" name=\"text_8cbaaa6\" placeholder=\"\" value=\"\" id=\"id-2\" required=\"required\" data-constraint=\"{&quot;type&quot;:&quot;characters&quot;,&quot;data&quot;:{&quot;min&quot;:1,&quot;max&quot;:&quot;&quot;}}\"\/>\r\n\t\t\t<\/div>\r\n<\/div><\/div><div class=\"fw-row\"><div class=\"fw-col-xs-12 form-builder-item\">\r\n\t<div class=\"field-textarea\">\r\n\t\t<label for=\"id-3\">Paragraphe du texte\t\t\t<sup>*<\/sup>\t\t<\/label>\r\n\t\t<textarea name=\"textarea_86f76ec\" placeholder=\"\" id=\"id-3\" required=\"required\" data-constraint=\"{&quot;type&quot;:&quot;words&quot;,&quot;data&quot;:{&quot;min&quot;:5,&quot;max&quot;:&quot;&quot;}}\"><\/textarea>\r\n\t\t\t\t\t<p><em>Quelques mots pour m&#039;aider \u00e0 identifier votre probl\u00e9matique.<\/em><\/p>\r\n\t\t\t<\/div>\r\n<\/div><\/div><div class=\"fw-row\"><div class=\"fw-col-xs-12 fw-col-sm-6 form-builder-item\">\n\t<div class=\"field-recaptcha\">\n\t\t<label>Recaptcha<\/label>\n\t\t<input type=\"hidden\" name=\"recaptcha_385e788\"\/>\n\t\t<div class=\"form-builder-item-recaptcha\"><\/div>\n\t<\/div>\n<\/div><\/div><\/div><div>\n\t<input type=\"submit\" value=\"Envoyer\"\/>\n<\/div><\/form><\/div><\/div>\r\n<\/div>\n\n<div class=\"fw-row\">\n\t<div class=\"fw-col-xs-12 \">\r\n\t\r\n\r\n\t<div class=\"fw-divider-space space-20x\"><\/div>\r\n<\/div>\r\n<\/div>\n\n<div class=\"fw-row\">\n\t<div class=\"fw-col-xs-12 \">\r\n\t\r\n\r\n\t<div class=\"fw-divider-space space-20x\"><\/div>\r\n<\/div>\r\n<\/div>\n\n\t\t\t<\/div>\r\n<\/section>\r\n<section class=\"fw-main-row  \">\r\n\t<span class=\"bg-image-overlay\" style=\"\"><\/span>\r\n\t<div class=\"fw-container unyson_content\">\r\n\t\t\t\t<div class=\"fw-row\">\n\t<div class=\"fw-col-xs-12 fw-col-sm-4 \">\r\n\t<div class=\"fw-iconbox clearfix --link fw-iconbox-1 --type4\">\r\n\t\t<div class=\"fw-iconbox-image\">\r\n\t\t<i class=\"flaticon-wristwatch\"><\/i>\r\n\t<\/div>\r\n\t<div class=\"fw-iconbox-aside\">\r\n\t\t<div class=\"fw-iconbox-title\">\r\n\t\t\t<h3>Horaires d&#039;ouverture<\/h3>\r\n\t\t<\/div>\r\n\t\t<div class=\"fw-iconbox-text\">\r\n\t\t\t<p>Lundi - Samedi 8h-20h\n<\/p>\r\n\t\t<\/div>\r\n\t\t<a class=\"fw-iconbox-link\" href=\"http:\/\/psychologue-formateur.com\/index.php\/contact\/\"><i class=\"fa fa-angle-down\"><\/i><\/a>\t<\/div>\r\n<\/div><\/div>\r\n<div class=\"fw-col-xs-12 fw-col-sm-4 \">\r\n\t<div class=\"fw-iconbox clearfix --link fw-iconbox-1 --type4\">\r\n\t\t<div class=\"fw-iconbox-image\">\r\n\t\t<i class=\"flaticon-smartphone-outline\"><\/i>\r\n\t<\/div>\r\n\t<div class=\"fw-iconbox-aside\">\r\n\t\t<div class=\"fw-iconbox-title\">\r\n\t\t\t<h3>Appelez d\u00e8s aujourd&#039;hui 06 76 33 42 97<\/h3>\r\n\t\t<\/div>\r\n\t\t<div class=\"fw-iconbox-text\">\r\n\t\t\t<p>22 rue Mar\u00e9chal Joffre, Nice. \n\nClinique Oxford, \n33 Boulevard d&#039;Oxford, Cannes.<\/p>\r\n\t\t<\/div>\r\n\t\t<a class=\"fw-iconbox-link\" href=\"http:\/\/psychologue-formateur.com\/index.php\/contact\/\"><i class=\"fa fa-angle-down\"><\/i><\/a>\t<\/div>\r\n<\/div><\/div>\r\n<div class=\"fw-col-xs-12 fw-col-sm-4 \">\r\n\t<span style=\"display: block; text-align: center\"><a href=\"http:\/\/psychologue-formateur.com\/index.php\/contact\/ \" target=\"_self\" class=\"fw-btn fw-btn-1 fw-btn-violet\">\r\n\t<span>\u2693 Emplacement<\/span>\r\n<\/a>\r\n<\/span><\/div>\r\n<\/div>\n\n\t\t\t<\/div>\r\n<\/section>\r\n<section class=\"fw-main-row  \">\r\n\t<span class=\"bg-image-overlay\" style=\"\"><\/span>\r\n\t<div class=\"fw-container unyson_content\">\r\n\t\t\t\t<div class=\"fw-row\">\n\t<div class=\"fw-col-xs-12 \">\r\n\t\r\n\r\n\t<div class=\"fw-divider-space space-20x\"><\/div>\r\n<\/div>\r\n<\/div>\n\n\t\t\t<\/div>\r\n<\/section>\r\n<\/p>\n","protected":false},"excerpt":{"rendered":"<p>COVID-19 T\u00e9l\u00e9consultation avec mise en place de soin Psychologique en EMDR Bienvenue Je vous souhaite une bonne visite Horaires d&#039;ouverture Lundi &#8211; Samedi 8h-20h Horaires d&#039;ouverture Lundi &#8211; Samedi 8h-20h Appelez d\u00e8s aujourd&#039;hui 06 76 33 42 97 22 rue Mar\u00e9chal Joffre, Nice. Clinique Oxford, 33 Boulevard d&#039;Oxford, Cannes. La pratique des psychoth\u00e9rapies br\u00e8ves s\u2019inscrit&hellip;<\/p>\n","protected":false},"author":1,"featured_media":0,"parent":0,"menu_order":0,"comment_status":"closed","ping_status":"closed","template":"page-wo-sidebar.php","meta":[],"brizy_attachment_focal_point":"","_links":{"self":[{"href":"https:\/\/psychologue-formateur.com\/index.php\/wp-json\/wp\/v2\/pages\/87"}],"collection":[{"href":"https:\/\/psychologue-formateur.com\/index.php\/wp-json\/wp\/v2\/pages"}],"about":[{"href":"https:\/\/psychologue-formateur.com\/index.php\/wp-json\/wp\/v2\/types\/page"}],"author":[{"embeddable":true,"href":"https:\/\/psychologue-formateur.com\/index.php\/wp-json\/wp\/v2\/users\/1"}],"replies":[{"embeddable":true,"href":"https:\/\/psychologue-formateur.com\/index.php\/wp-json\/wp\/v2\/comments?post=87"}],"version-history":[{"count":164,"href":"https:\/\/psychologue-formateur.com\/index.php\/wp-json\/wp\/v2\/pages\/87\/revisions"}],"predecessor-version":[{"id":1071,"href":"https:\/\/psychologue-formateur.com\/index.php\/wp-json\/wp\/v2\/pages\/87\/revisions\/1071"}],"wp:attachment":[{"href":"https:\/\/psychologue-formateur.com\/index.php\/wp-json\/wp\/v2\/media?parent=87"}],"curies":[{"name":"wp","href":"https:\/\/api.w.org\/{rel}","templated":true}]}}